5 is divided by 2602?
57
Calculate the remainder when 10314885 is divided by 661.
641
Calculate the remainder when 390339 is divided by 390155.
184
What is the remainder when 3586483 is divided by 648?
451
What is the remainder when 858891 is divided by 320?
11
Calculate the remainder when 3493095 is divided by 1416.
1239
What is the remainder when 11427 is divided by 155?
112
What is the remainder when 16193 is divided by 16104?
89
What is the remainder when 1236322 is divided by 37464?
10
What is the remainder when 15520167 is divided by 2217165?
12
What is the remainder when 53263536 is divided by 2124?
2112
Calculate the remainder when 318057168 is divided by 18.
12
What is the remainder when 181082 is divided by 2736?
506
Calculate the remainder when 203775 is divided by 24648.
6591
What is the remainder when 161901556 is divided by 2457?
2455
Calculate the remainder when 722924 is divided by 225.
224
What is the remainder when 544968 is divided by 27247?
28
Calculate the remainder when 998393 is divided by 1678.
1661
Calculate the remainder when 213636 is divided by 71037.
525
Calculate the remainder when 76515 is divided by 1517.
665
Calculate the remainder when 11602258 is divided by 11602237.
21
What is the remainder when 7746195 is divided by 139?
3
What is the remainder when 1126502 is divided by 11984?
6
Calculate the remainder when 421745 is divided by 3514.
65
Calculate the remainder when 251007 is divided by 250836.
171
Calculate the remainder when 448211 is divided by 1345.
326
What is the remainder when 3117013 is divided by 445287?
4
What is the remainder when 21097694 is divided by 1648?
1646
Calculate the remainder when 207306 is divided by 4612.
4378
Calculate the remainder when 135934 is divided by 1864.
1726
Calculate the remainder when 1042717 is divided by 4291.
4
Calculate the remainder when 123647 is divided by 37.
30
Calculate the remainder when 12937 is divided by 10670.
2267
What is the remainder when 3892 is divided by 1626?
640
Calculate the remainder when 6873426 is divided by 796.
762
Calculate the remainder when 25461230 is divided by 421.
413
What is the remainder when 71938 is divided by 4225?
113
Calculate the remainder when 26139348 is divided by 26139339.
9
Calculate the remainder when 868673 is divided by 289327.
692
Calculate the remainder when 64306747 is divided by 1531113.
1
Calculate the remainder when 597153 is divided by 281.
28
What is the remainder when 292444374 is divided by 11519?
2
Calculate the remainder when 664745 is divided by 376.
353
Calculate the remainder when 37941561 is divided by 12647185.
6
What is the remainder when 23498004 is divided by 25?
4
Calculate the remainder when 68139 is divided by 61175.
6964
Calculate the remainder when 10379 is divided by 3423.
110
Calculate the remainder when 12821496 is divided by 500.
496
Calculate the remainder when 17559 is divided by 491.
374
Calculate the remainder when 123308 is divided by 239.
223
Calculate the remainder when 643620 is divided by 274.
268
What is the remainder when 43885830 is divided by 18?
12
What is the remainder when 33494 is divided by 8173?
802
What is the remainder when 86002 is divided by 39?
7
Calculate the remainder when 312436 is divided by 3652.
2016
Calculate the remainder when 475801 is divided by 115.
46
What is the remainder when 17268 is divided by 8421?
426
Calculate the remainder when 6680437 is divided by 1388.
1381
What is the remainder when 12831 is divided by 4258?
57
Calculate the remainder when 14628120 is divided by 22.
12
What is the remainder when 22831 is divided by 11393?
45
Calculate the remainder when 161105 is divided by 2004.
785
What is the remainder when 21198809 is divided by 86174?
5
What is the remainder when 138189103 is divided by 135?
133
What is the remainder when 948397 is divided by 72943?
138
What is the remainder when 3019166 is divided by 431307?
17
Calculate the remainder when 34590474 is divided by 13.
9
Calculate the remainder when 38333624 is divided by 212.
208
Calculate the remainder when 75941 is divided by 17171.
7257
Calculate the remainder when 10146981 is divided by 488.
485
Calculate the remainder when 65385249 is divided by 12.
9
What is the remainder when 85119344 is divided by 956397?
11
Calculate the remainder when 8158593 is divided by 3816.
3801
Calculate the remainder when 371915 is divided by 6297.
392
What is the remainder when 9110149 is divided by 10?
9
Calculate the remainder when 1227891 is divided by 144.
3
Calculate the remainder when 68653495 is divided by 7422.
7417
Calculate the remainder when 220047 is divided by 722.
559
Calculate the remainder when 127270 is divided by 4388.
18
What is the remainder when 1841213 is divided by 127?
94
Calculate the remainder when 204583 is divided by 49.
8
What is the remainder when 74628266 is divided by 40?
26
Calculate the remainder when 8147 is divided by 5912.
2235
What is the remainder when 79945 is divided by 7970?
245
Calculate the remainder when 2596473 is divided by 1006.
993
Calculate the remainder when 222992217 is divided by 16.
9
What is the remainder when 197286 is divided by 8963?
100
Calculate the remainder when 1823384 is divided by 3240.
2504
What is the remainder when 792377 is divided by 197833?
1045
Calculate the remainder when 1729059 is divided by 247007.
10
What is the remainder when 173394831 is divided by 120?
111
What is the remainder when 40536 is divided by 20007?
522
What is the remainder when 902191 is divided by 44?
15
What is the remainder when 16717 is divided by 3432?
2989
Calculate the remainder when 10543388 is divided by 224.
156
Calculate the remainder when 1293494 is divided by 21922.
96
Calculate the remainder when 1478994 is divided by 81.
15
What is the remainder when 708277 is divided by 173?
15
What is the remainder when 186254 is divided by 30988?
326
Calculate the remainder when 134493 is divided by 9599.
107
Calculate the remainder when 208182 is divided by 2103.
2088
Calculate the remainder when 61075 is divided by 15230.
155
Calculate the remainder when 699386 is divided by 17484.
26
What is the remainder when 12448843 is divided by 4151?
4145
What is the remainder when 314219 is divided by 1571?
19
Calculate the remainder when 3126883 is divided by 2016.
67
What is the remainder when 1063583 is divided by 4992?
287
Calculate the remainder when 44836 is divided by 3975.
1111
Calculate the remainder when 478817 is divided by 1034.
75
Calculate the remainder when 160010 is divided by 8411.
201
Calculate the remainder when 56569 is divided by 56125.
444
Calculate the remainder when 26218906 is divided by 31.
5
Calculate the remainder when 51680684 is divided by 6546.
14
What is the remainder when 4173517 is divided by 194?
189
What is the remainder when 27140 is divided by 3001?
131
Calculate the remainder when 23252 is divided by 3859.
98
Calculate the remainder when 93029 is divided by 45222.
2585
What is the remainder when 218892 is divided by 1644?
240
What is the remainder when 19564 is divided by 8048?
3468
What is the remainder when 2477124 is divided by 1260?
1224
Calculate the remainder when 538974 is divided by 1891.
39
What is the remainder when 22441020 is divided by 2244100?
20
Calculate the remainder when 179802 is divided by 47.
27
Calculate the remainder when 616807 is divided by 4195.
142
Calculate the remainder when 153930 is divided by 955.
175
What is the remainder when 11886643 is divided by 7?
6
Calculate the remainder when 175165 is divided by 174931.
234
What is the remainder when 1585347 is divided by 117?
114
What is the remainder when 8546190 is divided by 1695?
0
Calculate the remainder when 19532 is divided by 1502.
6
Calculate the remainder when 105794336 is divided by 53.
29
What is the remainder when 91456 is divided by 32?
0
What is the remainder when 9036 is divided by 1018?
892
Calculate the remainder when 99912 is divided by 8109.
2604
Calculate the remainder when 145798 is divided by 5022.
160
What is the remainder when 1277635 is divided by 16?
3
Calculate the remainder when 1752099 is divided by 1639.
8
What is the remainder when 13035592 is divided by 1530?
1522
Calculate the remainder when 3072965 is divided by 384104